t common factor of 324023 and 19229.
287
What is the highest common divisor of 10197 and 11039643?
927
Calculate the greatest common factor of 6664761 and 81.
81
What is the greatest common factor of 26483308 and 166?
166
Calculate the greatest common factor of 72459 and 490779.
747
What is the greatest common divisor of 22290112 and 1088?
64
Calculate the greatest common factor of 1167398 and 736250.
1178
Calculate the highest common factor of 168069956 and 476.
68
What is the highest common divisor of 8973749 and 69?
23
Calculate the greatest common factor of 1136925 and 8649.
279
Calculate the highest common factor of 73 and 180947509.
73
What is the highest common divisor of 886478 and 106?
106
What is the highest common divisor of 1412977 and 413561?
277
Calculate the greatest common divisor of 3636 and 103213314.
1818
What is the highest common factor of 30400 and 355334200?
3800
What is the highest common factor of 229830944 and 3808?
224
Calculate the highest common divisor of 98131 and 467947.
811
What is the highest common divisor of 13833 and 747?
9
What is the greatest common divisor of 13593 and 3509340?
69
What is the greatest common factor of 928727968 and 98?
98
Calculate the greatest common factor of 6119496 and 576.
72
Calculate the greatest common divisor of 44 and 46148476.
44
Calculate the greatest common divisor of 31570449 and 331.
331
What is the greatest common divisor of 2216526 and 9050?
362
Calculate the highest common divisor of 377 and 1132479.
29
What is the greatest common divisor of 12493104 and 1040?
208
Calculate the greatest common divisor of 68429673 and 117.
117
Calculate the greatest common factor of 9288 and 2948184.
216
Calculate the highest common factor of 2718 and 8126826.
6
Calculate the greatest common divisor of 2419420 and 253724.
548
What is the highest common factor of 702375 and 11125?
125
Calculate the greatest common divisor of 49 and 182730947.
49
Calculate the greatest common divisor of 5820 and 346080.
60
Calculate the greatest common factor of 86457 and 1007377.
161
Calculate the greatest common factor of 548548 and 112.
28
Calculate the highest common divisor of 15 and 22659995.
5
Calculate the highest common factor of 641303543 and 2551.
2551
What is the highest common divisor of 25123 and 2619?
97
What is the greatest common divisor of 39343673 and 134?
67
What is the highest common factor of 6 and 18131436?
6
Calculate the highest common divisor of 2480 and 2127530.
310
What is the highest common factor of 1574 and 32630594?
1574
What is the greatest common divisor of 3618 and 46644462?
1206
What is the greatest common factor of 91 and 315539?
7
What is the greatest common factor of 18324 and 479536026?
3054
What is the highest common factor of 54672 and 732768?
816
Calculate the highest common factor of 4787832 and 840.
168
What is the highest common factor of 136810986 and 5356?
2678
What is the highest common factor of 11745 and 92880?
135
What is the highest common factor of 383662523 and 146?
73
Calculate the greatest common factor of 81622666 and 370.
74
Calculate the highest common divisor of 346 and 15260157.
173
Calculate the highest common divisor of 596835098 and 172.
86
What is the highest common divisor of 17420 and 1768780?
260
What is the highest common factor of 72 and 136682712?
72
What is the highest common divisor of 1386799738 and 2738?
2738
Calculate the highest common factor of 1831090 and 670.
10
Calculate the highest common factor of 557404 and 2947.
421
What is the highest common divisor of 1040 and 99515?
65
What is the greatest common factor of 3517979 and 497?
71
What is the greatest common divisor of 1898 and 745980430?
1898
What is the highest common divisor of 28 and 11848802?
14
Calculate the greatest common divisor of 554963 and 33337.
1961
Calculate the highest common factor of 386906 and 4784.
598
What is the greatest common factor of 40048 and 944?
16
Calculate the highest common factor of 6716472 and 924.
84
Calculate the greatest common factor of 3552318 and 18634.
1694
What is the greatest common factor of 838576 and 1496?
136
Calculate the greatest common divisor of 212352 and 104912.
1264
Calculate the greatest common factor of 4512563891 and 2563.
2563
Calculate the greatest common divisor of 252923930 and 35.
35
What is the highest common factor of 2 and 2924353?
1
Calculate the highest common divisor of 930 and 913229.
31
What is the greatest common divisor of 747 and 10078275?
249
What is the greatest common factor of 69594816 and 1440?
96
Calculate the highest common factor of 4272780 and 923.
71
What is the highest common divisor of 65 and 117189085?
65
Calculate the highest common divisor of 1149172 and 8418.
46
Calculate the greatest common divisor of 118 and 226789628.
118
What is the highest common factor of 264 and 67139952?
264
What is the highest common factor of 16200 and 4423680?
1080
Calculate the greatest common factor of 1713756 and 80058.
66
What is the greatest common divisor of 34612 and 1319328?
2036
Calculate the highest common divisor of 38391 and 220223.
191
Calculate the greatest common divisor of 21211513 and 43.
43
What is the greatest common divisor of 2366 and 105424904?
338
What is the highest common divisor of 100720820 and 130?
10
What is the greatest common divisor of 22 and 1532171993?
11
What is the highest common divisor of 8130645 and 18320?
1145
Calculate the greatest common factor of 61300 and 120761.
613
Calculate the highest common factor of 121531481 and 926.
463
Calculate the greatest common divisor of 127502 and 291782.
74
What is the highest common divisor of 1062228692 and 140?
28
What is the highest common factor of 8346 and 347781993?
4173
Calculate the highest common divisor of 41460 and 110.
10
What is the highest common divisor of 5530 and 1543186?
158
Calculate the highest common divisor of 5864 and 32180899.
733
What is the greatest common divisor of 161672 and 12712?
56
Calculate the highest common divisor of 211925886 and 5748.
2874
What is the highest common factor of 344 and 555248?
8
Calculate the highest common divisor of 125475 and 1323343.
1673
What is the highest common factor of 41177571 and 779?
41
What is the greatest common factor of 7213743 and 184?
23
Calculate the highest common divisor of 175373 and 20009.
1177
What is the highest common factor of 55360 and 28480?
320
Calculate the greatest common divisor of 1351104 and 50778.
186
Calculate the greatest common factor of 444 and 150972543.
111
What is the highest common factor of 2241 and 4238229?
249
Calculate the greatest common divisor of 9044 and 40285966.
266
What is the highest common factor of 486858 and 34609?
53
What is the highest common divisor of 224296 and 207092?
92
Calculate the highest common factor of 3947222 and 1331635.
1163
Calculate the highest common divisor of 2876472 and 1840.
184
Calculate the greatest common factor of 1369851 and 1010199.
5289
What is the highest common divisor of 54766846 and 98950?
3958
What is the greatest common divisor of 828 and 4989?
3
What is the greatest common factor of 425332 and 241594?
226
What is the highest common factor of 3649725 and 200?
25
Calculate the highest common factor of 7552840 and 3720.
1240
What is the highest common factor of 2 and 218881598?
2
Calculate the highest common divisor of 940128 and 3360.
672
Calculate the greatest common factor of 1357 and 322789.
59
What is the greatest common divisor of 64282010 and 13?
13
Calculate the greatest common factor of 121723883 and 5582.
2791
What is the greatest common factor of 3299366 and 1274?
98
What is the greatest common factor of 25449905 and 78?
13
What is the greatest common divisor of 26 and 13743353?
13
What is the highest common divisor of 6156 and 518787666?
3078
What is the highest common factor of 42 and 2423953?
7
Calculate the greatest common factor of 198276 and 47437.
533
Calculate the highest common divisor of 30218385 and 120.
15
What is the greatest common divisor of 245377740 and 3522?
3522
Calculate the highest common factor of 68090 and 3376645.
3095
Calculate the greatest common divisor of 13166676 and 15.
3
Calculate the highest common divisor of 1688096 and 120366.
1486
What is